pose -5*n = -6*n + t. List the prime factors of n.
3, 5
Let n(c) = 69*c**2 + 2*c. Suppose b + 0 - 3 = 0, 3*z - b = 0. List the prime factors of n(z).
71
Let u(n) = 73*n**3 - 8 + 15 - 72*n**3 + 18*n**2 + 27 - 17*n. What are the prime factors of u(-18)?
2, 5, 17
Let y = -17 + 7. Suppose -5*l = -4*m + 52, l = 3*m + 2*l - 20. Let x = m - y. List the prime factors of x.
2, 3
Suppose -4 = u + 5. Let j = -7 - u. Suppose 118 = j*z - 18. What are the prime factors of z?
2, 17
Suppose 0 = 28*u - 36*u + 3896. What are the prime factors of u?
487
Let k(l) = 73*l - 126. List the prime factors of k(11).
677
Let y(p) = p + 3. Let c be y(-7). Let v be ((-3)/3)/(2/c). Suppose 5*h + 3*s - 93 = 0, h + h = v*s + 34. List the prime factors of h.
2, 3
Suppose -i + 3 + 27 = 0. Let m be 6/(-2) - (-6 + 1/(-1)). Suppose 5*s + 19 = m*n, -3*s = -3*n - 12 + i. List the prime factors of n.
11
Suppose 24*x + 5397 = 42093. What are the prime factors of x?
11, 139
Suppose 31*m + 12 = 35*m. Suppose -m*x + 23 = -118. What are the prime factors of x?
47
Let p be ((-10)/6)/(8/(-192)). Let z = 102 - p. Suppose -2*r + r = -z. List the prime factors of r.
2, 31
Let o be (0 + -2)*(-10)/(-4). Let y = 42 + o. What are the prime factors of y?
37
Let f be 14*(-3)/(-6) + -1. Let i = 24 + f. List the prime factors of i.
2, 3, 5
Let j(f) = f**2 + 30*f + 29. What are the prime factors of j(13)?
2, 3, 7
Let v(g) = -2*g + 22. Let b be v(10). Suppose 5*t - 230 = -4*p, 17 + 75 = b*t - 3*p. List the prime factors of t.
2, 23
Suppose 2*n = -3*d + 1131, 4*n - 8*d = -6*d + 2286. List the prime factors of n.
2, 3, 5, 19
What are the prime factors of (-60)/(-4)*(7 - (-2132)/10)?
3, 367
Let d be (294/35 + 6)/(2/150). Suppose -4*o = 5*n - d, n - 300 = -2*o - 90. List the prime factors of n.
2, 5, 11
Let y(a) = 3*a + 12. Let b be y(-11). Let k be ((-12)/(-5))/(b/70). What are the prime factors of k*(-3 + 18/8)?
2, 3
Let o = -33 - -106. List the prime factors of o.
73
Let s = 841 - -173. List the prime factors of s.
2, 3, 13
Suppose 140*k - 120*k - 26960 = 0. What are the prime factors of k?
2, 337
Let w(v) = -3*v - 4 - 3 - 5. Let n(p) = -p. Let f be n(6). List the prime factors of w(f).
2, 3
Suppose p = 4*z + 1, 0*p + p - 9 = -4*z. Suppose -3*g + 11 = p. List the prime factors of g/(2/(-3 - -37)).
2, 17
What are the prime factors of 94766/49 + 1*7?
3, 647
Let m be -15 + 2/(-8) + 10/8. List the prime factors of 8/m*(-6972)/24.
2, 83
Let f(y) be the second derivative of y**5/20 - y**4/4 - y**3 - 7*y**2 - 11*y. What are the prime factors of f(6)?
2, 29
Let i = -11 - -23. Suppose -3*k - 5*h = -4 - 6, 0 = 5*k + h - 24. Suppose 3*n - i = 0, 5*r + n = k*n + 189. List the prime factors of r.
41
Let f(d) be the third derivative of -d**5/120 + 13*d**4/12 - 2*d**3/3 + 9*d**2. Let b(a) be the first derivative of f(a). What are the prime factors of b(10)?
2
Suppose 39*f - 44*f - 2*r + 391 = 0, 4*f + 5*r = 323. List the prime factors of f.
7, 11
Suppose 3038 = 5*n - j, -n = j - 336 - 274. List the prime factors of n.
2, 19
Let s(i) = 28*i**2 - 4. Let v be s(-4). Suppose -14*n = -10*n - v. List the prime factors of n.
3, 37
List the prime factors of 2/5 - (-32039)/115.
3, 31
Let x(o) = o**2 - 1. Let z(a) = -3*a**2 + 4*a + 13. Let b(i) = 4*x(i) + z(i). Let q be b(-6). Let r = q - 4. What are the prime factors of r?
17
Suppose 0 = 3*b - 8*b + 4*i - 31, 5*i = 5*b + 30. Let w(c) = c**3 + 6*c**2 - 18*c - 5. What are the prime factors of w(b)?
2, 3
Let f = 20 + -31. Let o be (1 - f)/(3 - 2). Suppose 0 = -7*l + l + o. What are the prime factors of l?
2
Let m(g) = 5*g**2 - 4*g. Let v be m(3). Suppose u - 51 = v. Suppose -2*s = -0*s - u. List the prime factors of s.
2, 3, 7
Let n(d) = d**2 + d - 63. Let k be n(0). Suppose -3*g - 51 = 4*h, -2*h - h - 5*g = 41. Let u = h - k. What are the prime factors of u?
3, 17
Let c(q) = -90*q**3 + 3*q**2 + 2*q + 1. List the prime factors of c(-1).
2, 23
Suppose 183*o - 5*j - 20572 = 179*o, -4*o = -2*j - 20584. What are the prime factors of o?
2, 3, 11, 13
Let q = 125 + -71. Suppose q = 4*f - 2*f. Suppose -23*r + f*r - 136 = 0. What are the prime factors of r?
2, 17
Suppose -4*j + f = -1410, 101*j - 3*f = 98*j + 1062. What are the prime factors of j?
2, 11
Let z(x) = 3*x**2 + 1. Let k be z(-1). Suppose -5*w + 2*w = m - 69, -5*m - k*w + 312 = 0. Suppose 2*v + 3*v - m = 0. What are the prime factors of v?
2, 3
Suppose 44810 = 46*r - 103218. What are the prime factors of r?
2, 1609
Suppose -40283 = -18*a + 35911. List the prime factors of a.
3, 17, 83
Suppose 6*b - 43 = -7. Let r(x) = -x**3 + 7*x**2 - 10*x + 13. Let f be r(b). Let w = f + 49. List the prime factors of w.
2, 19
Let m(u) = -92*u - 15. Let d be m(-3). Let v = d + -84. List the prime factors of v.
3, 59
Let r be (5/(-2))/((-2)/4). Suppose -2*n + r*n + u = -5, 0 = 2*n - 3*u - 4. List the prime factors of 36*3/((-3)/n).
2, 3
Let u = 30 + -23. Let x(w) = 5*w**2 + u*w**2 + 2*w + 1 - 2. List the prime factors of x(2).
3, 17
Suppose 0*h - 25 = 5*h, 5*h + 13 = -3*n. Suppose n*y + y = 10. Suppose y*q = 31 + 5. What are the prime factors of q?
2, 3
Let c be 1/4 + 45/12 + 0. Suppose -211 = -c*g + 5. List the prime factors of g.
2, 3
Let k = 5193 - -213. List the prime factors of k.
2, 3, 17, 53
Let r(g) = 4*g**3 - 3*g**2 - 2*g + 1. Suppose 9 = 4*w - 3. What are the prime factors of r(w)?
2, 19
Let l = 1564 - -147. List the prime factors of l.
29, 59
Let m(i) = -19*i - 11. Let t(k) = -57*k - 32. Let w(r) = -11*m(r) + 4*t(r). Let n be w(-5). Let y = n + -22. What are the prime factors of y?
2, 3, 11
Suppose 2 = -3*h + 2*a, 9*a - 4*a - 14 = 3*h. List the prime factors of h.
2
Suppose -7*a + 4 = -5*a. Suppose 0 + 3 = -v, -5*v - 63 = a*u. Let j = 27 - u. List the prime factors of j.
3, 17
Suppose 3*t - 5*t + 41 = -5*x, 2*x = 2. Let v = 36 - t. List the prime factors of v.
13
Suppose -5*n = d - 6750, 5*n + 3267 - 10002 = 2*d. What are the prime factors of n?
19, 71
Let l = 294 - 276. What are the prime factors of l?
2, 3
Let f = -2926 - -5870. List the prime factors of f.
2, 23
List the prime factors of 6/8 - 44880/(-64).
2, 3, 13
Let g be 154/4 - 12/(-24). Let u be 8/(-52) + 162/g. Let k(a) = -a**3 + 7*a**2 - 6*a + 5. List the prime factors of k(u).
29
Suppose v = 2 + 1. Let n = 99 - 142. Let l = v - n. List the prime factors of l.
2, 23
Let q be 25*(0 - (2 + -3)). List the prime factors of (2 + 2 - 3)*q.
5
Let d(z) = 40*z + 74. What are the prime factors of d(9)?
2, 7, 31
Let i be (2 + (-27)/(-2))*-2. Let j = i - -55. What are the prime factors of j?
2, 3
Let o(f) = -28*f + 196. Let p(z) = -9*z + 66. Let r(n) = -4*o(n) + 11*p(n). List the prime factors of r(30).
2, 83
Let w be -4 + 8 - 4 - -18. Let l = 76 - w. What are the prime factors of l?
2, 29
Let o = 41 + 17. Suppose 2*n - 3*n - o = 0. Let f = -35 - n. What are the prime factors of f?
23
List the prime factors of 1790*((-5)/30)/(5/(-15)).
5, 179
List the prime factors of (-3)/2 - (-4074)/12.
2, 13
Let i = 5 - 2. Suppose 0 = 4*c + i*w - 0 - 16, -c + 2*w + 15 = 0. What are the prime factors of c?
7
Let f = 3819 - 2906. What are the prime factors of f?
11, 83
Suppose g = -2*g + i + 1597, -5*g + 3*i = -2659. List the prime factors of g.
13, 41
Let c(b) = -2*b**2 - 2*b + 1. Let k be c(-2). What are the prime factors of -1 + (-226)/k - (-18)/(-54)?
2, 37
Suppose -24 = j + 75. Let v = j + 182. Suppose 0 = -3*x + v + 70. What are the prime factors of x?
3, 17
Let s(g) = -6*g**3 - 66*g**2 - 26*g - 3. List the prime factors of s(-14).
3889
Suppose 3*m + 9*m - 972 = 0. Let j = m + -10. List the prime factors of j.
71
Let r(l) = l**2 + 6*l + 1. Let c be r(-4). Let u(a) = -a**3 - 6*a**2 - 2*a. List the prime factors of u(c).
3, 7
Suppose 0 = 2*k + 719 - 131. Let p = k + 583. List the prime factors of p.
17
Let h = 14 - 6. Let y(s) = 13 + 76*s + 3*s**2 - 3 + 55*s - 149*s. List the prime factors of y(h).
2, 29
Let w(i) be the first derivative of i**4/4 - 5*i**3/3 - 8*i + 5. What are the prime factors of w(6)?
2, 7
Let z(p) = p**2 + 8*p - 4. Let t be z(-7). Let m = 147 - 128. Let d = t + m. What are the prime factors of d?
2
Let b(x) = x**3 - x**2 - 8*x + 6. Let s(k) = -2*k - 3. Let w be s(-4). Let m be b(w). Let n = 108 - m. What are the prime factors of n?
2, 3, 7
Let f(x) = -30*x - 14. Let l be f(-